alse
Is 22057504327 prime?
True
Is 2135132911 a composite number?
False
Is 10866152717 composite?
True
Is 12234767618 a composite number?
True
Is 144676199 a composite number?
True
Is 12394068959 composite?
False
Is 40944780659 prime?
True
Is 149634469 prime?
True
Is 62125057 a prime number?
False
Is 864342131 a composite number?
True
Is 219668829 a composite number?
True
Is 7921841977 a prime number?
False
Is 540209617 prime?
True
Is 1409222299 composite?
False
Is 36742439 a prime number?
False
Is 15548377777 prime?
True
Is 52356940619 composite?
False
Is 32186925229 prime?
True
Is 944994053 composite?
False
Is 197975101 a composite number?
True
Is 7350953615 composite?
True
Is 151586120683 a composite number?
False
Is 1339847107 prime?
False
Is 1120798369 a prime number?
True
Is 698391851 prime?
False
Is 444757633 composite?
False
Is 13885574573 a prime number?
False
Is 8160658253 a composite number?
True
Is 271421651 composite?
True
Is 2111263249 a composite number?
True
Is 1001691907 a prime number?
False
Is 1040823001 composite?
False
Is 1676499463 composite?
True
Is 2222459159 a prime number?
False
Is 150047213 composite?
False
Is 5408062927 a prime number?
True
Is 93174817891 a composite number?
True
Is 1850312729 a prime number?
True
Is 15049113199 a prime number?
True
Is 10131387499 a prime number?
False
Is 588029719 a prime number?
True
Is 2885342767 a prime number?
True
Is 13364746853 a composite number?
True
Is 374305781 a prime number?
True
Is 424806839 a composite number?
False
Is 836815027 prime?
True
Is 5719806523 composite?
False
Is 2587888981 a composite number?
False
Is 45001204201 a prime number?
True
Is 98980766807 prime?
False
Is 45814829 prime?
True
Is 5204599 prime?
False
Is 823609327 composite?
True
Is 76291523969 a prime number?
False
Is 959478881 a prime number?
True
Is 907539227 a composite number?
True
Is 4860690839 a prime number?
True
Is 14663839571 a prime number?
False
Is 90198663769 prime?
False
Is 257226004163 a composite number?
False
Is 29632702867 a composite number?
True
Is 65001714013 a composite number?
True
Is 3904002701 prime?
False
Is 684088799 a prime number?
False
Is 126756803723 a prime number?
False
Is 111418157 a prime number?
True
Is 10969472123 composite?
True
Is 2458857763 composite?
False
Is 117446041 a prime number?
True
Is 139538751857 prime?
True
Is 24667389679 composite?
False
Is 1350026567 a composite number?
False
Is 60554013523 composite?
True
Is 687513641 a composite number?
False
Is 25818997837 prime?
False
Is 5626237717 a composite number?
True
Is 2988989347 a composite number?
False
Is 1148794481 composite?
False
Is 1908055133 composite?
False
Is 456683719 a prime number?
True
Is 5804503297 a composite number?
False
Is 732001063 prime?
False
Is 45101401699 a composite number?
False
Is 1236896002 a prime number?
False
Is 3524105671 prime?
True
Is 269917740107 composite?
False
Is 761175313 a prime number?
False
Is 1100611859 prime?
True
Is 11647770493 prime?
True
Is 11923563577 a composite number?
False
Is 1220258989 composite?
False
Is 2060703649 a composite number?
True
Is 184597392149 prime?
True
Is 2127327731 a prime number?
True
Is 2447134149 a prime number?
False
Is 481932377 a composite number?
False
Is 217993387 prime?
False
Is 4880952991 a prime number?
False
Is 51434354546 prime?
False
Is 483113177 a composite number?
True
Is 1150403899 composite?
False
Is 243474518009 prime?
True
Is 90513193 composite?
False
Is 15082387693 composite?
True
Is 4657079317 prime?
False
Is 23530091141 a composite number?
False
Is 22264163437 composite?
False
Is 3499885531 a composite number?
False
Is 35578652897 a composite number?
False
Is 1470633071 prime?
True
Is 17711126443 prime?
True
Is 5408023939 a prime number?
False
Is 16787692319 a prime number?
True
Is 5518019047 prime?
False
Is 37599917051 composite?
False
Is 47040334903 composite?
True
Is 2794010201 composite?
False
Is 28630454669 a prime number?
True
Is 348197771 composite?
False
Is 9973923419 prime?
False
Is 18673104265 composite?
True
Is 1537488649 a composite number?
False
Is 1715288749 composite?
False
Is 8264853745 prime?
False
Is 25001199739 a prime number?
True
Is 433183519 a composite number?
False
Is 85432955393 a prime number?
False
Is 3957087653 a prime number?
False
Is 15397818014 composite?
True
Is 4220863747 a prime number?
True
Is 7589395573 prime?
True
Is 4256800091 a composite number?
False
Is 66846791 a prime number?
False
Is 35643766133 a composite number?
False
Is 11290756927 composite?
False
Is 810801539 a composite number?
True
Is 828266173 a composite number?
True
Is 755952479 a composite number?
True
Is 452945797 a composite number?
True
Is 2512148453 composite?
False
Is 1532777567 composite?
False
Is 65208989 a composite number?
True
Is 780330127 prime?
False
Is 456674669 prime?
False
Is 1450872723 a composite number?
True
Is 132209639 prime?
True
Is 147536800009 composite?
False
Is 57681819001 composite?
True
Is 88884689 prime?
False
Is 1206642713 a composite number?
False
Is 1694102999 a prime number?
True
Is 660692717 composite?
True
Is 1114516747 a composite number?
False
Is 598953491 a prime number?
True
Is 13220213477 a composite number?
False
Is 1440504613 a composite number?
True
Is 1469550237 composite?
True
Is 1250729159 prime?
True
Is 2803345729 composite?
False
Is 753240919 a composite number?
True
Is 519608581 a prime number?
False
Is 1947596603 a prime number?
True
Is 80057317 a prime number?
False
Is 542175223 a prime number?
True
Is 13613683 prime?
False
Is 999023579 prime?
True
Is 1820544259 a composite number?
False
Is 26856015779 a composite number?
True
Is 3339606379 composite?
False
Is 441258149 a composite number?
False
Is 11392163 composite?
True
Is 282500507 a composite number?
True
Is 4156685633 composite?
False
Is 3440200259 a composite number?
False
Is 15065043551 a composite number?
True
Is 145680511 composite?
False
Is 1589630701 a prime number?
False
Is 882032365 a prime number?
False
Is 244027219 prime?
False
Is 1743183877 prime?
True
Is 5198941739 composite?
False
Is 849857497 a composite number?
False
Is 22665883843 a composite number?
False
Is 1034034913 prime?
False
Is 2155450019 composite?
True
Is 14299771201 a composite number?
True
Is 348288439 prime?
False
Is 3343517 a composite number?
True
Is 2240053961 composite?
False
Is 1745006451 a composite number?
True
Is 784031059 prime?
False
Is 1476339391 a composite number?
False
Is 679182859 prime?
False
Is 104153612189 a prime number?
False
Is 8229456841 composite?
True
Is 59341153 prime?
True
Is 323025667 prime?
True
Is 500012063 prime?
False
Is 10240715231 a composite number?
True
Is 65585237 prime?
True
Is 348277389 composite?
True
Is 711671395 prime?
False
Is 778572259 a prime number?
True
Is 173999911 prime?
False
Is 40436689 a composite number?
False
Is 2059014833 a composite number?
False
Is 7830722027 a prime number?
True
Is 1344959527 a composite number?
False
Is 2889124019 composite?
True
Is 39375422803 a prime number?
False
Is 741371681 a composite number?
True
Is 25933682417 prime?
False
Is 1706993293 a prime number?
False
Is 232635786073 prime?
True
Is 453243683 a composite number?
False
Is 36724081 prime?
True
Is 188692627 prime?
False
Is 15988821995 a composite number?
True
Is 565393181 a prime number?
True
Is 21034948567 a composite number?
True
Is 23318677 composite?
False
Is 1120874449 composite?
True
Is 176742100079 prime?
True
Is 402635059 a prime number?
True
Is 35935177073 a composite number?
True
Is 3543841501 composite?
True
Is 12650442317 prime?
True
Is 164548420643 composite?
False
Is 378340481 prime?
True
Is 1950848509 prime?
True
Is 1248677761 composite?
True
Is 11723551813 a composite number?
True
Is 182084851 prime?
False
Is 3180815597 a composite number?
True
Is 3601065067 composite?
True
Is 6587985221 a prime number?
True
Is 23167531301 composite?
False
Is 6555104431 a prime number?
False
Is 33103150033 a prime number?
True
Is 35888373133 prime?
True
Is 1832068373 composite?
False
Is 10498407023 prime?
False
Is 405903899 a prime number?
False
Is 37586974633 a composite number?
True
Is 3221094713 a composite number?
False
Is 22648300771 a composite number?
False
Is 341765701 a prime n